est common divisor of 123 and 2911?
41
What is the highest common divisor of 1022 and 56?
14
Calculate the greatest common divisor of 116 and 8.
4
Calculate the highest common factor of 1176 and 24.
24
Calculate the greatest common factor of 3908 and 8.
4
Calculate the greatest common divisor of 935 and 220.
55
What is the greatest common divisor of 55 and 1595?
55
Calculate the highest common divisor of 2574 and 13.
13
What is the greatest common factor of 272 and 16?
16
Calculate the highest common divisor of 459 and 408.
51
Calculate the greatest common factor of 18 and 333.
9
Calculate the highest common factor of 87 and 29.
29
Calculate the greatest common divisor of 481 and 74.
37
Calculate the highest common divisor of 1357 and 236.
59
Calculate the greatest common divisor of 342 and 1311.
57
Calculate the highest common factor of 3129 and 21.
21
What is the highest common divisor of 3658 and 177?
59
Calculate the greatest common divisor of 1014 and 78.
78
Calculate the greatest common divisor of 875 and 455.
35
Calculate the greatest common factor of 127 and 22733.
127
What is the greatest common factor of 22 and 55?
11
What is the greatest common factor of 46 and 1357?
23
Calculate the greatest common factor of 731 and 17.
17
Calculate the greatest common factor of 768 and 72.
24
What is the highest common divisor of 1479 and 145?
29
What is the highest common factor of 152 and 1026?
38
Calculate the highest common factor of 935 and 330.
55
What is the highest common factor of 10 and 370?
10
What is the highest common factor of 224 and 16?
16
What is the highest common factor of 1578 and 78?
6
What is the greatest common divisor of 4495 and 580?
145
Calculate the greatest common factor of 37 and 17.
1
What is the greatest common factor of 106 and 1378?
106
Calculate the greatest common factor of 108 and 1179.
9
Calculate the greatest common divisor of 40 and 140.
20
Calculate the highest common divisor of 228 and 608.
76
What is the greatest common divisor of 496 and 2294?
62
Calculate the highest common factor of 6 and 1176.
6
What is the highest common divisor of 27 and 576?
9
Calculate the highest common factor of 40 and 11320.
40
What is the highest common factor of 232 and 290?
58
Calculate the highest common divisor of 116 and 290.
58
What is the highest common divisor of 1 and 123?
1
What is the highest common divisor of 6075 and 15?
15
What is the greatest common divisor of 1364 and 88?
44
Calculate the greatest common factor of 52 and 650.
26
Calculate the highest common factor of 460 and 575.
115
Calculate the highest common divisor of 259 and 112.
7
Calculate the highest common divisor of 380 and 220.
20
What is the highest common divisor of 432 and 888?
24
What is the greatest common factor of 1594 and 5?
1
Calculate the highest common factor of 2047 and 207.
23
What is the greatest common factor of 621 and 108?
27
Calculate the greatest common divisor of 28 and 539.
7
Calculate the highest common factor of 35 and 2485.
35
Calculate the highest common factor of 54 and 225.
9
Calculate the greatest common divisor of 8473 and 37.
37
Calculate the highest common divisor of 385 and 875.
35
Calculate the greatest common divisor of 29 and 667.
29
What is the highest common factor of 584 and 8?
8
Calculate the greatest common factor of 1923 and 2.
1
Calculate the greatest common factor of 206 and 2.
2
What is the highest common divisor of 1260 and 570?
30
What is the greatest common factor of 304 and 76?
76
What is the highest common factor of 372 and 651?
93
What is the highest common factor of 116 and 174?
58
Calculate the highest common factor of 22878 and 41.
41
What is the greatest common divisor of 138 and 276?
138
What is the greatest common factor of 1572 and 420?
12
Calculate the greatest common divisor of 576 and 648.
72
Calculate the highest common divisor of 208 and 880.
16
Calculate the greatest common divisor of 493 and 29.
29
Calculate the greatest common divisor of 1274 and 392.
98
Calculate the highest common factor of 99 and 627.
33
What is the highest common divisor of 76 and 893?
19
Calculate the highest common divisor of 851 and 23.
23
Calculate the greatest common factor of 28 and 28630.
14
Calculate the greatest common divisor of 30 and 45.
15
Calculate the greatest common divisor of 12 and 4212.
12
Calculate the greatest common divisor of 32 and 4.
4
Calculate the highest common factor of 90 and 375.
15
What is the highest common factor of 3 and 729?
3
What is the greatest common divisor of 263 and 263?
263
What is the highest common divisor of 13854 and 24?
6
What is the greatest common factor of 2187 and 9?
9
Calculate the highest common divisor of 333 and 4588.
37
Calculate the highest common divisor of 21 and 42.
21
Calculate the greatest common factor of 1740 and 3741.
87
Calculate the highest common factor of 500 and 1125.
125
Calculate the greatest common divisor of 637 and 104.
13
Calculate the greatest common divisor of 3552 and 16.
16
Calculate the highest common factor of 90681 and 167.
167
What is the greatest common factor of 59 and 39058?
59
What is the greatest common factor of 24 and 768?
24
Calculate the highest common divisor of 2774 and 38.
38
Calculate the highest common factor of 2826 and 18.
18
What is the highest common divisor of 82 and 533?
41
What is the highest common divisor of 42 and 742?
14
What is the greatest common divisor of 1404 and 3042?
234
Calculate the greatest common factor of 12288 and 96.
96
What is the highest common factor of 95 and 35?
5
What is the highest common factor of 520 and 897?
13
What is the highest common divisor of 1919 and 101?
101
Calculate the greatest common factor of 12 and 210.
6
Calculate the greatest common divisor of 156 and 7878.
78
Calculate the highest common divisor of 70 and 3710.
70
Calculate the highest common factor of 14 and 8.
2
What is the greatest common divisor of 400 and 240?
80
Calculate the greatest common divisor of 1134 and 90.
18
What is the greatest common factor of 62 and 2?
2
What is the greatest common divisor of 518 and 14?
14
Calculate the highest common factor of 28 and 140.
28
What is the greatest common divisor of 7289 and 37?
37
What is the greatest common factor of 19 and 2?
1
Calculate the greatest common factor of 730 and 81395.
365
Calculate the greatest common factor of 90 and 2574.
18
What is the highest common divisor of 385 and 105?
35
What is the highest common divisor of 10 and 230?
10
What is the highest common factor of 660 and 15?
15
Calculate the greatest common divisor of 4 and 10364.
4
Calculate the highest common divisor of 8514 and 792.
198
Calculate the greatest common divisor of 169 and 1339.
13
What is the highest common factor of 208 and 988?
52
What is the highest common factor of 33 and 51?
3
What is the greatest common divisor of 36 and 55134?
18
Calculate the greatest common factor of 67557 and 21.
21
Calculate the highest common divisor of 84 and 546.
42
Calculate the highest common divisor of 150 and 400.
50
Calculate the greatest common factor of 70 and 30.
10
What is the greatest common factor of 423 and 47?
47
Calculate the greatest common divisor of 368 and 276.
92
What is the highest common factor of 5 and 355?
5
Calculate the greatest common factor of 3258 and 72.
18
What is the greatest common factor of 25 and 400?
25
What is the greatest common divisor of 17755 and 1005?
335
What is the highest common divisor of 13 and 429?
13
What is the highest common factor of 12 and 1032?
12
Calculate the highest common divisor of 154 and 42.
14
What is the highest common factor of 50 and 25?
25
What is the greatest common divisor of 5850 and 180?
90
Calculate the highest common factor of 42 and 126.
42
Calculate the greatest common factor of 4976 and 16.
16
What is the greatest common factor of 128 and 5040?
16
Calculate the greatest common divisor of 270 and 570.
30
Calculate the highest common divisor of 381 and 5969.
127
Calculate the greatest common factor of 18 and 78.
6
Calculate the greatest common divisor of 696 and 1224.
24
What is the highest common divisor of 3017 and 7?
7
What is the greatest common factor of 24 and 5604?
12
What is the highest common factor of 44 and 924?